{"id":16,"date":"2021-05-29T09:55:28","date_gmt":"2021-05-29T09:55:28","guid":{"rendered":"http:\/\/h187166.web212.dogado.net\/?page_id=16"},"modified":"2022-01-15T16:42:21","modified_gmt":"2022-01-15T16:42:21","slug":"feiern","status":"publish","type":"page","link":"https:\/\/zumpostillion.de\/?page_id=16","title":{"rendered":"FEIERN"},"content":{"rendered":"\n<p class=\"has-medium-font-size\"><strong>WELCHE FEIER D\u00dcRFEN WIR F\u00dcR SIE AUSRICHTEN?<\/strong><\/p>\n\n\n\n<figure class=\"wp-block-image size-large is-style-default\"><img loading=\"lazy\" decoding=\"async\" width=\"1024\" height=\"341\" src=\"http:\/\/h187166.web212.dogado.net\/wp-content\/uploads\/2021\/05\/feiern-1024x341.jpg\" alt=\"\" class=\"wp-image-94\" srcset=\"https:\/\/zumpostillion.de\/wp-content\/uploads\/2021\/05\/feiern-1024x341.jpg 1024w, https:\/\/zumpostillion.de\/wp-content\/uploads\/2021\/05\/feiern-300x100.jpg 300w, https:\/\/zumpostillion.de\/wp-content\/uploads\/2021\/05\/feiern-768x256.jpg 768w, https:\/\/zumpostillion.de\/wp-content\/uploads\/2021\/05\/feiern-892x297.jpg 892w, https:\/\/zumpostillion.de\/wp-content\/uploads\/2021\/05\/feiern.jpg 1200w\" sizes=\"auto, (max-width: 1024px) 100vw, 1024px\" \/><\/figure>\n\n\n\n<p class=\"has-medium-font-size\"><strong>GEBURTSTAGE, KONFIRMATIONEN, TRAUERFEIERN, HOCHZEITEN, WEIHNACHTS-, FAMILIEN- ODER FIRMENFEIERN &#8230;<\/strong><\/p>\n\n\n\n<div class=\"wp-block-media-text alignwide has-media-on-the-right is-stacked-on-mobile is-vertically-aligned-top\" style=\"grid-template-columns:auto 30%\"><figure class=\"wp-block-media-text__media\"><img loading=\"lazy\" decoding=\"async\" width=\"960\" height=\"720\" src=\"http:\/\/h187166.web212.dogado.net\/wp-content\/uploads\/2021\/05\/21686322_1647363571962586_573940377425076301_n.jpg\" alt=\"\" class=\"wp-image-58 size-full\" srcset=\"https:\/\/zumpostillion.de\/wp-content\/uploads\/2021\/05\/21686322_1647363571962586_573940377425076301_n.jpg 960w, https:\/\/zumpostillion.de\/wp-content\/uploads\/2021\/05\/21686322_1647363571962586_573940377425076301_n-300x225.jpg 300w, https:\/\/zumpostillion.de\/wp-content\/uploads\/2021\/05\/21686322_1647363571962586_573940377425076301_n-768x576.jpg 768w, https:\/\/zumpostillion.de\/wp-content\/uploads\/2021\/05\/21686322_1647363571962586_573940377425076301_n-892x669.jpg 892w\" sizes=\"auto, (max-width: 960px) 100vw, 960px\" \/><\/figure><div class=\"wp-block-media-text__content\">\n<p>Wir planen, machen Vorschl\u00e4ge und beraten Sie pers\u00f6nlich f\u00fcr jegliche Art von Veranstaltung.<\/p>\n\n\n\n<p>Ob Buffet oder Men\u00fc, au\u00dfergew\u00f6hnlich oder klassisch, individuell mit Ihnen abgesprochen, bieten wir Ihnen leckere und harmonisch abgestimmte K\u00f6stlichkeiten- ganz nach Ihren W\u00fcnschen!<\/p>\n\n\n\n<p>Wir legen gro\u00dfen Wert auf Gastlichkeit, Freundlichkeit und zuvorkommenden Service.<\/p>\n\n\n\n<p><strong>Kochen lassen und gelassen feiern!<\/strong><\/p>\n\n\n\n<p>Die besondere Atmosph\u00e4re des Postillions bietet den idealen Rahmen f\u00fcr Festivit\u00e4ten bis zu 50 Personen.<br>Ganz unter sich k\u00f6nnen Sie in Ruhe mit Ihren G\u00e4sten feiern.<\/p>\n\n\n\n<p>Eine f\u00fcr jeden Anlass und nach Ihren W\u00fcnschen gestaltete Tischdekoration ist selbstverst\u00e4ndlich.<\/p>\n\n\n\n<p>Gerne beraten wir Sie pers\u00f6nlich! Vereinbaren Sie einen Termin und lassen Sie sich von unseren Vorschl\u00e4gen begeistern.<\/p>\n<\/div><\/div>\n\n\n\n<p><em>Ihre Feier geht etwas l\u00e4nger?<\/em><br><em>Kein Problem!<\/em><br><a href=\"javascript:anzeigen('eins');\"><strong>Wir haben auch die passenden Zimmer f\u00fcr Ihre G\u00e4ste.<\/strong><\/a><\/p>\n\n\n\n<p class=\"has-text-align-center has-medium-font-size\"><strong>SPEZIELLE VERANSTALTUNGSTHEMEN LASSEN JEDE FEIER ZU EINEM ERLEBNIS WERDEN.<\/strong><\/p>\n\n\n\n<figure class=\"wp-block-gallery columns-4 is-cropped wp-block-gallery-1 is-layout-flex wp-block-gallery-is-layout-flex\"><ul class=\"blocks-gallery-grid\"><li class=\"blocks-gallery-item\"><figure><img loading=\"lazy\" decoding=\"async\" width=\"150\" height=\"150\" src=\"http:\/\/h187166.web212.dogado.net\/wp-content\/uploads\/2021\/05\/feiern-15-150x150.jpg\" alt=\"\" data-id=\"95\" data-full-url=\"http:\/\/h187166.web212.dogado.net\/wp-content\/uploads\/2021\/05\/feiern-15.jpg\" data-link=\"http:\/\/h187166.web212.dogado.net\/?attachment_id=95\" class=\"wp-image-95\" srcset=\"https:\/\/zumpostillion.de\/wp-content\/uploads\/2021\/05\/feiern-15-150x150.jpg 150w, https:\/\/zumpostillion.de\/wp-content\/uploads\/2021\/05\/feiern-15-300x300.jpg 300w, https:\/\/zumpostillion.de\/wp-content\/uploads\/2021\/05\/feiern-15.jpg 383w\" sizes=\"auto, (max-width: 150px) 100vw, 150px\" \/><\/figure><\/li><li class=\"blocks-gallery-item\"><figure><img loading=\"lazy\" decoding=\"async\" width=\"150\" height=\"150\" src=\"http:\/\/h187166.web212.dogado.net\/wp-content\/uploads\/2021\/05\/feiern-19-150x150.jpg\" alt=\"\" data-id=\"96\" data-full-url=\"http:\/\/h187166.web212.dogado.net\/wp-content\/uploads\/2021\/05\/feiern-19.jpg\" data-link=\"http:\/\/h187166.web212.dogado.net\/?attachment_id=96\" class=\"wp-image-96\" srcset=\"https:\/\/zumpostillion.de\/wp-content\/uploads\/2021\/05\/feiern-19-150x150.jpg 150w, https:\/\/zumpostillion.de\/wp-content\/uploads\/2021\/05\/feiern-19-300x300.jpg 300w, https:\/\/zumpostillion.de\/wp-content\/uploads\/2021\/05\/feiern-19.jpg 383w\" sizes=\"auto, (max-width: 150px) 100vw, 150px\" \/><\/figure><\/li><li class=\"blocks-gallery-item\"><figure><img loading=\"lazy\" decoding=\"async\" width=\"150\" height=\"150\" src=\"http:\/\/h187166.web212.dogado.net\/wp-content\/uploads\/2021\/05\/feiern-18-150x150.jpg\" alt=\"\" data-id=\"97\" data-full-url=\"http:\/\/h187166.web212.dogado.net\/wp-content\/uploads\/2021\/05\/feiern-18.jpg\" data-link=\"http:\/\/h187166.web212.dogado.net\/?attachment_id=97\" class=\"wp-image-97\" srcset=\"https:\/\/zumpostillion.de\/wp-content\/uploads\/2021\/05\/feiern-18-150x150.jpg 150w, https:\/\/zumpostillion.de\/wp-content\/uploads\/2021\/05\/feiern-18-300x300.jpg 300w, https:\/\/zumpostillion.de\/wp-content\/uploads\/2021\/05\/feiern-18.jpg 383w\" sizes=\"auto, (max-width: 150px) 100vw, 150px\" \/><\/figure><\/li><li class=\"blocks-gallery-item\"><figure><img loading=\"lazy\" decoding=\"async\" width=\"150\" height=\"150\" src=\"http:\/\/h187166.web212.dogado.net\/wp-content\/uploads\/2021\/05\/feiern-17-150x150.jpg\" alt=\"\" data-id=\"98\" data-full-url=\"http:\/\/h187166.web212.dogado.net\/wp-content\/uploads\/2021\/05\/feiern-17.jpg\" data-link=\"http:\/\/h187166.web212.dogado.net\/?attachment_id=98\" class=\"wp-image-98\" srcset=\"https:\/\/zumpostillion.de\/wp-content\/uploads\/2021\/05\/feiern-17-150x150.jpg 150w, https:\/\/zumpostillion.de\/wp-content\/uploads\/2021\/05\/feiern-17-300x300.jpg 300w, https:\/\/zumpostillion.de\/wp-content\/uploads\/2021\/05\/feiern-17.jpg 383w\" sizes=\"auto, (max-width: 150px) 100vw, 150px\" \/><\/figure><\/li><li class=\"blocks-gallery-item\"><figure><img loading=\"lazy\" decoding=\"async\" width=\"150\" height=\"150\" src=\"http:\/\/h187166.web212.dogado.net\/wp-content\/uploads\/2021\/05\/feiern-13-150x150.jpg\" alt=\"\" data-id=\"99\" data-full-url=\"http:\/\/h187166.web212.dogado.net\/wp-content\/uploads\/2021\/05\/feiern-13.jpg\" data-link=\"http:\/\/h187166.web212.dogado.net\/?attachment_id=99\" class=\"wp-image-99\" srcset=\"https:\/\/zumpostillion.de\/wp-content\/uploads\/2021\/05\/feiern-13-150x150.jpg 150w, https:\/\/zumpostillion.de\/wp-content\/uploads\/2021\/05\/feiern-13-300x300.jpg 300w, https:\/\/zumpostillion.de\/wp-content\/uploads\/2021\/05\/feiern-13.jpg 383w\" sizes=\"auto, (max-width: 150px) 100vw, 150px\" \/><\/figure><\/li><li class=\"blocks-gallery-item\"><figure><img loading=\"lazy\" decoding=\"async\" width=\"150\" height=\"150\" src=\"http:\/\/h187166.web212.dogado.net\/wp-content\/uploads\/2021\/05\/feiern-12-150x150.jpg\" alt=\"\" data-id=\"100\" data-full-url=\"http:\/\/h187166.web212.dogado.net\/wp-content\/uploads\/2021\/05\/feiern-12.jpg\" data-link=\"http:\/\/h187166.web212.dogado.net\/?attachment_id=100\" class=\"wp-image-100\" srcset=\"https:\/\/zumpostillion.de\/wp-content\/uploads\/2021\/05\/feiern-12-150x150.jpg 150w, https:\/\/zumpostillion.de\/wp-content\/uploads\/2021\/05\/feiern-12-300x300.jpg 300w, https:\/\/zumpostillion.de\/wp-content\/uploads\/2021\/05\/feiern-12.jpg 383w\" sizes=\"auto, (max-width: 150px) 100vw, 150px\" \/><\/figure><\/li><li class=\"blocks-gallery-item\"><figure><img loading=\"lazy\" decoding=\"async\" width=\"150\" height=\"150\" src=\"http:\/\/h187166.web212.dogado.net\/wp-content\/uploads\/2021\/05\/feiern-11-150x150.jpg\" alt=\"\" data-id=\"101\" data-full-url=\"http:\/\/h187166.web212.dogado.net\/wp-content\/uploads\/2021\/05\/feiern-11.jpg\" data-link=\"http:\/\/h187166.web212.dogado.net\/?attachment_id=101\" class=\"wp-image-101\" srcset=\"https:\/\/zumpostillion.de\/wp-content\/uploads\/2021\/05\/feiern-11-150x150.jpg 150w, https:\/\/zumpostillion.de\/wp-content\/uploads\/2021\/05\/feiern-11-300x300.jpg 300w, https:\/\/zumpostillion.de\/wp-content\/uploads\/2021\/05\/feiern-11.jpg 383w\" sizes=\"auto, (max-width: 150px) 100vw, 150px\" \/><\/figure><\/li><li class=\"blocks-gallery-item\"><figure><img loading=\"lazy\" decoding=\"async\" width=\"150\" height=\"150\" src=\"http:\/\/h187166.web212.dogado.net\/wp-content\/uploads\/2021\/05\/feiern-10-150x150.jpg\" alt=\"\" data-id=\"102\" data-full-url=\"http:\/\/h187166.web212.dogado.net\/wp-content\/uploads\/2021\/05\/feiern-10.jpg\" data-link=\"http:\/\/h187166.web212.dogado.net\/?attachment_id=102\" class=\"wp-image-102\" srcset=\"https:\/\/zumpostillion.de\/wp-content\/uploads\/2021\/05\/feiern-10-150x150.jpg 150w, https:\/\/zumpostillion.de\/wp-content\/uploads\/2021\/05\/feiern-10-300x300.jpg 300w, https:\/\/zumpostillion.de\/wp-content\/uploads\/2021\/05\/feiern-10.jpg 383w\" sizes=\"auto, (max-width: 150px) 100vw, 150px\" \/><\/figure><\/li><li class=\"blocks-gallery-item\"><figure><img loading=\"lazy\" decoding=\"async\" width=\"150\" height=\"150\" src=\"http:\/\/h187166.web212.dogado.net\/wp-content\/uploads\/2021\/05\/feiern-09-150x150.jpg\" alt=\"\" data-id=\"103\" data-full-url=\"http:\/\/h187166.web212.dogado.net\/wp-content\/uploads\/2021\/05\/feiern-09.jpg\" data-link=\"http:\/\/h187166.web212.dogado.net\/?attachment_id=103\" class=\"wp-image-103\" srcset=\"https:\/\/zumpostillion.de\/wp-content\/uploads\/2021\/05\/feiern-09-150x150.jpg 150w, https:\/\/zumpostillion.de\/wp-content\/uploads\/2021\/05\/feiern-09-300x300.jpg 300w, https:\/\/zumpostillion.de\/wp-content\/uploads\/2021\/05\/feiern-09.jpg 383w\" sizes=\"auto, (max-width: 150px) 100vw, 150px\" \/><\/figure><\/li><li class=\"blocks-gallery-item\"><figure><img loading=\"lazy\" decoding=\"async\" width=\"150\" height=\"150\" src=\"http:\/\/h187166.web212.dogado.net\/wp-content\/uploads\/2021\/05\/feiern-08-150x150.jpg\" alt=\"\" data-id=\"104\" data-full-url=\"http:\/\/h187166.web212.dogado.net\/wp-content\/uploads\/2021\/05\/feiern-08.jpg\" data-link=\"http:\/\/h187166.web212.dogado.net\/?attachment_id=104\" class=\"wp-image-104\" srcset=\"https:\/\/zumpostillion.de\/wp-content\/uploads\/2021\/05\/feiern-08-150x150.jpg 150w, https:\/\/zumpostillion.de\/wp-content\/uploads\/2021\/05\/feiern-08-300x300.jpg 300w, https:\/\/zumpostillion.de\/wp-content\/uploads\/2021\/05\/feiern-08.jpg 383w\" sizes=\"auto, (max-width: 150px) 100vw, 150px\" \/><\/figure><\/li><li class=\"blocks-gallery-item\"><figure><img loading=\"lazy\" decoding=\"async\" width=\"150\" height=\"150\" src=\"http:\/\/h187166.web212.dogado.net\/wp-content\/uploads\/2021\/05\/feiern-07-150x150.jpg\" alt=\"\" data-id=\"105\" data-full-url=\"http:\/\/h187166.web212.dogado.net\/wp-content\/uploads\/2021\/05\/feiern-07.jpg\" data-link=\"http:\/\/h187166.web212.dogado.net\/?attachment_id=105\" class=\"wp-image-105\" srcset=\"https:\/\/zumpostillion.de\/wp-content\/uploads\/2021\/05\/feiern-07-150x150.jpg 150w, https:\/\/zumpostillion.de\/wp-content\/uploads\/2021\/05\/feiern-07-300x300.jpg 300w, https:\/\/zumpostillion.de\/wp-content\/uploads\/2021\/05\/feiern-07.jpg 383w\" sizes=\"auto, (max-width: 150px) 100vw, 150px\" \/><\/figure><\/li><li class=\"blocks-gallery-item\"><figure><img loading=\"lazy\" decoding=\"async\" width=\"150\" height=\"150\" src=\"http:\/\/h187166.web212.dogado.net\/wp-content\/uploads\/2021\/05\/feiern-06-150x150.jpg\" alt=\"\" data-id=\"106\" data-full-url=\"http:\/\/h187166.web212.dogado.net\/wp-content\/uploads\/2021\/05\/feiern-06.jpg\" data-link=\"http:\/\/h187166.web212.dogado.net\/?attachment_id=106\" class=\"wp-image-106\" srcset=\"https:\/\/zumpostillion.de\/wp-content\/uploads\/2021\/05\/feiern-06-150x150.jpg 150w, https:\/\/zumpostillion.de\/wp-content\/uploads\/2021\/05\/feiern-06-300x300.jpg 300w, https:\/\/zumpostillion.de\/wp-content\/uploads\/2021\/05\/feiern-06.jpg 383w\" sizes=\"auto, (max-width: 150px) 100vw, 150px\" \/><\/figure><\/li><li class=\"blocks-gallery-item\"><figure><img loading=\"lazy\" decoding=\"async\" width=\"150\" height=\"150\" src=\"http:\/\/h187166.web212.dogado.net\/wp-content\/uploads\/2021\/05\/feiern-05-150x150.jpg\" alt=\"\" data-id=\"107\" data-full-url=\"http:\/\/h187166.web212.dogado.net\/wp-content\/uploads\/2021\/05\/feiern-05.jpg\" data-link=\"http:\/\/h187166.web212.dogado.net\/?attachment_id=107\" class=\"wp-image-107\" srcset=\"https:\/\/zumpostillion.de\/wp-content\/uploads\/2021\/05\/feiern-05-150x150.jpg 150w, https:\/\/zumpostillion.de\/wp-content\/uploads\/2021\/05\/feiern-05-300x300.jpg 300w, https:\/\/zumpostillion.de\/wp-content\/uploads\/2021\/05\/feiern-05.jpg 383w\" sizes=\"auto, (max-width: 150px) 100vw, 150px\" \/><\/figure><\/li><li class=\"blocks-gallery-item\"><figure><img loading=\"lazy\" decoding=\"async\" width=\"150\" height=\"150\" src=\"http:\/\/h187166.web212.dogado.net\/wp-content\/uploads\/2021\/05\/feiern-04-150x150.jpg\" alt=\"\" data-id=\"108\" data-full-url=\"http:\/\/h187166.web212.dogado.net\/wp-content\/uploads\/2021\/05\/feiern-04.jpg\" data-link=\"http:\/\/h187166.web212.dogado.net\/?attachment_id=108\" class=\"wp-image-108\" srcset=\"https:\/\/zumpostillion.de\/wp-content\/uploads\/2021\/05\/feiern-04-150x150.jpg 150w, https:\/\/zumpostillion.de\/wp-content\/uploads\/2021\/05\/feiern-04-300x300.jpg 300w, https:\/\/zumpostillion.de\/wp-content\/uploads\/2021\/05\/feiern-04.jpg 383w\" sizes=\"auto, (max-width: 150px) 100vw, 150px\" \/><\/figure><\/li><li class=\"blocks-gallery-item\"><figure><img loading=\"lazy\" decoding=\"async\" width=\"150\" height=\"150\" src=\"http:\/\/h187166.web212.dogado.net\/wp-content\/uploads\/2021\/05\/feiern-03-150x150.jpg\" alt=\"\" data-id=\"109\" data-full-url=\"http:\/\/h187166.web212.dogado.net\/wp-content\/uploads\/2021\/05\/feiern-03.jpg\" data-link=\"http:\/\/h187166.web212.dogado.net\/?attachment_id=109\" class=\"wp-image-109\" srcset=\"https:\/\/zumpostillion.de\/wp-content\/uploads\/2021\/05\/feiern-03-150x150.jpg 150w, https:\/\/zumpostillion.de\/wp-content\/uploads\/2021\/05\/feiern-03-300x300.jpg 300w, https:\/\/zumpostillion.de\/wp-content\/uploads\/2021\/05\/feiern-03.jpg 383w\" sizes=\"auto, (max-width: 150px) 100vw, 150px\" \/><\/figure><\/li><li class=\"blocks-gallery-item\"><figure><img loading=\"lazy\" decoding=\"async\" width=\"150\" height=\"150\" src=\"http:\/\/h187166.web212.dogado.net\/wp-content\/uploads\/2021\/05\/feiern-02-150x150.jpg\" alt=\"\" data-id=\"110\" data-full-url=\"http:\/\/h187166.web212.dogado.net\/wp-content\/uploads\/2021\/05\/feiern-02.jpg\" data-link=\"http:\/\/h187166.web212.dogado.net\/?attachment_id=110\" class=\"wp-image-110\" srcset=\"https:\/\/zumpostillion.de\/wp-content\/uploads\/2021\/05\/feiern-02-150x150.jpg 150w, https:\/\/zumpostillion.de\/wp-content\/uploads\/2021\/05\/feiern-02-300x300.jpg 300w, https:\/\/zumpostillion.de\/wp-content\/uploads\/2021\/05\/feiern-02.jpg 383w\" sizes=\"auto, (max-width: 150px) 100vw, 150px\" \/><\/figure><\/li><\/ul><\/figure>\n","protected":false},"excerpt":{"rendered":"<p>WELCHE FEIER D\u00dcRFEN WIR F\u00dcR SIE AUSRICHTEN? GEBURTSTAGE, KONFIRMATIONEN, TRAUERFEIERN, HOCHZEITEN, WEIHNACHTS-, FAMILIEN- ODER FIRMENFEIERN &#8230; Wir planen, machen Vorschl\u00e4ge und beraten Sie pers\u00f6nlich f\u00fcr jegliche Art von Veranstaltung. Ob Buffet oder Men\u00fc, au\u00dfergew\u00f6hnlich oder klassisch, individuell mit Ihnen abgesprochen, bieten wir Ihnen leckere und harmonisch abgestimmte K\u00f6stlichkeiten- ganz nach Ihren W\u00fcnschen! Wir legen gro\u00dfen<\/p>\n<footer><a title=\"FEIERN\" id=\"read-more\" href=\"https:\/\/zumpostillion.de\/?page_id=16\"><i class=\"icon\"><\/i>Read More<\/a><\/footer>\n","protected":false},"author":1,"featured_media":0,"parent":0,"menu_order":0,"comment_status":"closed","ping_status":"closed","template":"","meta":{"footnotes":""},"class_list":["post-16","page","type-page","status-publish","hentry"],"aioseo_notices":[],"_links":{"self":[{"href":"https:\/\/zumpostillion.de\/index.php?rest_route=\/wp\/v2\/pages\/16","targetHints":{"allow":["GET"]}}],"collection":[{"href":"https:\/\/zumpostillion.de\/index.php?rest_route=\/wp\/v2\/pages"}],"about":[{"href":"https:\/\/zumpostillion.de\/index.php?rest_route=\/wp\/v2\/types\/page"}],"author":[{"embeddable":true,"href":"https:\/\/zumpostillion.de\/index.php?rest_route=\/wp\/v2\/users\/1"}],"replies":[{"embeddable":true,"href":"https:\/\/zumpostillion.de\/index.php?rest_route=%2Fwp%2Fv2%2Fcomments&post=16"}],"version-history":[{"count":3,"href":"https:\/\/zumpostillion.de\/index.php?rest_route=\/wp\/v2\/pages\/16\/revisions"}],"predecessor-version":[{"id":202,"href":"https:\/\/zumpostillion.de\/index.php?rest_route=\/wp\/v2\/pages\/16\/revisions\/202"}],"wp:attachment":[{"href":"https:\/\/zumpostillion.de\/index.php?rest_route=%2Fwp%2Fv2%2Fmedia&parent=16"}],"curies":[{"name":"wp","href":"https:\/\/api.w.org\/{rel}","templated":true}]}}