{"id":37,"date":"2021-05-29T10:20:01","date_gmt":"2021-05-29T10:20:01","guid":{"rendered":"http:\/\/h187166.web212.dogado.net\/?page_id=37"},"modified":"2021-05-29T10:27:27","modified_gmt":"2021-05-29T10:27:27","slug":"impressum","status":"publish","type":"page","link":"https:\/\/zumpostillion.de\/?page_id=37","title":{"rendered":"IMPRESSUM"},"content":{"rendered":"\n<figure class=\"wp-block-image\"><img decoding=\"async\" src=\"http:\/\/h187166.web212.dogado.net\/wp-content\/uploads\/2021\/05\/restaurant-892x300.jpg\" alt=\"\"\/><\/figure>\n\n\n\n<h3 class=\"wp-block-heading\">HOTEL RESTAURANT ZUM POSTILLION<\/h3>\n\n\n\n<p>Bergstra\u00dfe 10<br>29614 Soltau<br><br>Tel.: 0 51 91 &#8211; 98 21 0<br>Fax: 0 51 91 &#8211; 98 21 29<br><br>E-Mail: info@zumpostillion.de<br><br>Vertretungsberechtigt: Saskia Koenen<br><br>Steuernummer: 41 \/ 123 \/ 09 081<br>Gerichtsstand: Soltau<br><br>Haftungshinweis: Trotz sorgf\u00e4ltiger inhaltlicher Kontrolle \u00fcbernehmen wir keine Haftung f\u00fcr die Inhalte externer Links. F\u00fcr den Inhalt der verlinkten Seiten sind ausschlie\u00dflich deren Betreiber verantwortlich.<\/p>\n","protected":false},"excerpt":{"rendered":"<p>HOTEL RESTAURANT ZUM POSTILLION Bergstra\u00dfe 1029614 Soltau Tel.: 0 51 91 &#8211; 98 21 0Fax: 0 51 91 &#8211; 98 21 29 E-Mail: info@zumpostillion.de Vertretungsberechtigt: Saskia Koenen Steuernummer: 41 \/ 123 \/ 09 081Gerichtsstand: Soltau Haftungshinweis: Trotz sorgf\u00e4ltiger inhaltlicher Kontrolle \u00fcbernehmen wir keine Haftung f\u00fcr die Inhalte externer Links. F\u00fcr den Inhalt der verlinkten Seiten<\/p>\n<footer><a title=\"IMPRESSUM\" id=\"read-more\" href=\"https:\/\/zumpostillion.de\/?page_id=37\"><i class=\"icon\"><\/i>Read More<\/a><\/footer>\n","protected":false},"author":1,"featured_media":38,"parent":0,"menu_order":0,"comment_status":"closed","ping_status":"closed","template":"","meta":{"footnotes":""},"class_list":["post-37","page","type-page","status-publish","has-post-thumbnail","hentry"],"aioseo_notices":[],"_links":{"self":[{"href":"https:\/\/zumpostillion.de\/index.php?rest_route=\/wp\/v2\/pages\/37","targetHints":{"allow":["GET"]}}],"collection":[{"href":"https:\/\/zumpostillion.de\/index.php?rest_route=\/wp\/v2\/pages"}],"about":[{"href":"https:\/\/zumpostillion.de\/index.php?rest_route=\/wp\/v2\/types\/page"}],"author":[{"embeddable":true,"href":"https:\/\/zumpostillion.de\/index.php?rest_route=\/wp\/v2\/users\/1"}],"replies":[{"embeddable":true,"href":"https:\/\/zumpostillion.de\/index.php?rest_route=%2Fwp%2Fv2%2Fcomments&post=37"}],"version-history":[{"count":2,"href":"https:\/\/zumpostillion.de\/index.php?rest_route=\/wp\/v2\/pages\/37\/revisions"}],"predecessor-version":[{"id":49,"href":"https:\/\/zumpostillion.de\/index.php?rest_route=\/wp\/v2\/pages\/37\/revisions\/49"}],"wp:featuredmedia":[{"embeddable":true,"href":"https:\/\/zumpostillion.de\/index.php?rest_route=\/wp\/v2\/media\/38"}],"wp:attachment":[{"href":"https:\/\/zumpostillion.de\/index.php?rest_route=%2Fwp%2Fv2%2Fmedia&parent=37"}],"curies":[{"name":"wp","href":"https:\/\/api.w.org\/{rel}","templated":true}]}}